144. Calculate a(18).
-2
Let c(s) = 15*s - 298. Determine c(18).
-28
Let z(h) = -80*h + 37. Calculate z(1).
-43
Let h(d) = -9*d**2 + 147*d + 890. What is h(21)?
8
Let h(k) = -257*k - 2527. Give h(-9).
-214
Let k(w) = -8*w**3 - 3*w**2 + 7. Calculate k(-3).
196
Let y(n) = -n**2 - 2*n - 58. Give y(0).
-58
Let q(z) = 2*z**2 - 78*z - 224. Calculate q(42).
28
Let k(y) = y**3 - 34*y**2 + 13*y + 59. Determine k(34).
501
Let c(r) = -r**3 - 28*r**2 + 189*r - 505. Give c(-34).
5
Let h(c) = c**2 - 21*c + 97. Calculate h(6).
7
Let i(o) = -164*o + 237. Determine i(1).
73
Let n(a) = -4*a**2 - 151*a + 47. Calculate n(-38).
9
Let p(z) = -6*z**3 - 5*z**2 + 3*z - 11. Determine p(2).
-73
Let r(h) = -h**2 + 11*h + 82. What is r(-6)?
-20
Let q(p) = -p**3 + 7*p**2 - 4*p - 6. Determine q(9).
-204
Let z(y) = 3*y**3 + 115*y**2 + 149*y + 27. What is z(-37)?
-10
Let a(s) = 16*s**2 + 31*s + 95. Give a(-6).
485
Let r(s) = 106*s**2 - 511*s - 78. Give r(5).
17
Let f(o) = 7498*o - 52481. What is f(7)?
5
Let t(j) = -2*j**2 - 57*j + 373. What is t(6)?
-41
Let h(c) = -1436*c - 4353. Calculate h(-3).
-45
Let x(w) = -w**3 + 29*w**2 + 12*w - 439. Determine x(29).
-91
Let j(b) = 14*b + 22. What is j(-15)?
-188
Let i(b) = -b**3 - 29*b**2 - 71*b - 27. Calculate i(-2).
7
Let s(w) = w**2 + 30*w - 222. Determine s(9).
129
Let m(p) = 4*p**2 - 85*p + 329. Give m(6).
-37
Let x(c) = 3*c**3 - 73*c**2 + 24*c - 26. Determine x(24).
-26
Let c(m) = -m**3 + 15*m**2 + 45*m - 928. What is c(13)?
-5
Let w(f) = f**3 + 7*f**2 - 40*f + 7. Determine w(-11).
-37
Let t(x) = -16*x**2 - 15*x + 3. Give t(-1).
2
Let k(w) = 243*w + 2905. Determine k(-12).
-11
Let v(b) = b**2 - 16*b + 48. Calculate v(12).
0
Let y(m) = m**3 + 87*m**2 - 146*m - 5099. Determine y(-88).
5
Let q(k) = -6*k**2 - 255*k + 121. Give q(-43).
-8
Let b(d) = 401*d + 8814. Determine b(-22).
-8
Let s(k) = k**3 + 6*k**2 - 16*k - 32. Calculate s(-7).
31
Let n(j) = 3*j**2 - 222*j + 2650. What is n(15)?
-5
Let o(x) = x**2 - 18*x - 26. Calculate o(21).
37
Let m(b) = 8*b + 402. Give m(-51).
-6
Let k(i) = i**3 - 25*i**2 + 24*i - 8. What is k(24)?
-8
Let d(c) = c**2 + 18*c - 176. Give d(8).
32
Let m(n) = -n**3 + n**2 + 33*n + 51. Give m(7).
-12
Let i(b) = -b**3 + 34*b - 14. Calculate i(6).
-26
Let a(p) = -103*p + 5743. What is a(56)?
-25
Let y(u) = 600*u - 33596. Give y(56).
4
Let u(b) = b**3 - 30*b**2 - 6*b + 49. Give u(30).
-131
Let z(j) = 38*j**2 - 20*j + 22. Give z(1).
40
Let f(l) = -130*l**2 + 32*l - 4. Give f(2).
-460
Let g(b) = -275*b - 839. Give g(-3).
-14
Let p(u) = -u**3 - 20*u**2 - 7*u - 27. Give p(-20).
113
Let t(f) = 43*f**3 - f**2 - 74*f + 74. Determine t(1).
42
Let o(x) = x**2 - 49*x - 104. Give o(53).
108
Let o(a) = -a**2 + 101*a + 321. What is o(104)?
9
Let g(l) = -l**3 + 10*l**2 + 18*l + 61. Give g(12).
-11
Let r(c) = 39*c + 1107. Determine r(-28).
15
Let p(s) = 37*s**2 - 2625*s - 141. Give p(71).
1
Let x(o) = -4*o - 149. Determine x(-34).
-13
Let y(g) = 2*g**2 + 1213*g - 8613. Give y(7).
-24
Let j(y) = 2*y**3 + 92*y**2 - 93*y - 33. Give j(-47).
-80
Let s(i) = 56*i - 1050. Calculate s(25).
350
Let l(f) = 4246*f + 8510. Calculate l(-2).
18
Let c(t) = t**3 - 2*t**2 + 3*t + 11. Calculate c(0).
11
Let z(b) = -141*b - 1107. Determine z(-8).
21
Let r(p) = p**2 + 313*p - 1882. Give r(6).
32
Let s(z) = -z**2 - 35*z + 82. Calculate s(0).
82
Let r(q) = -2148*q + 2146. Give r(1).
-2
Let a(l) = 16763*l + 352032. Determine a(-21).
9
Let j(t) = -t**2 + 5*t + 19. Calculate j(-11).
-157
Let t(y) = -y + 15. Determine t(4).
11
Let k(r) = r**2 + 83*r - 254. Determine k(-84).
-170
Let v(n) = 244*n - 12454. Give v(51).
-10
Let y(d) = -11*d**3 + 25*d + 23. Determine y(-1).
9
Let p(r) = -r**3 - 40*r**2 - 33*r + 239. What is p(-39)?
5
Let g(j) = -28*j + 1193. What is g(42)?
17
Let s(q) = 16*q - 53. Give s(3).
-5
Let i(s) = -4*s**2 - 117*s + 775. Give i(7).
-240
Let p(m) = 13682*m - 27367. What is p(2)?
-3
Let i(w) = 202*w + 952. Give i(-4).
144
Let k(d) = 3*d**2 + 9*d - 44. What is k(-7)?
40
Let o(q) = 699*q - 54515. Calculate o(78).
7
Let a(n) = -3*n**3 + 4*n**2 + 32*n + 2. Give a(0).
2
Let x(g) = g**3 - 13*g**2 + 54*g - 71. Determine x(3).
1
Let g(l) = -759*l - 45497. What is g(-60)?
43
Let u(c) = -19*c - 286. Determine u(-9).
-115
Let z(q) = -93*q**2 + 1865*q - 105. Calculate z(20).
-5
Let v(r) = 39*r + 1209. What is v(-32)?
-39
Let h(t) = 116*t - 25. Calculate h(2).
207
Let a(t) = -2*t**2 + 14*t + 82. Give a(-4).
-6
Let y(m) = 4*m**3 + 8*m**2 + 18*m - 3. Calculate y(0).
-3
Let u(z) = 8*z**2 - 385*z + 55. What is u(48)?
7
Let n(i) = -2*i - 346. Calculate n(7).
-360
Let a(w) = w**2 + 118*w + 3234. Give a(-74).
-22
Let r(k) = k**3 + 3*k**2 + 4*k + 6. Give r(-3).
-6
Let b(k) = k**2 + 86*k - 82820. Determine b(248).
12
Let g(m) = -890*m + 4453. Determine g(5).
3
Let c(g) = -172*g - 41118. Give c(-239).
-10
Let n(h) = -h**3 + 13*h**2 + 6*h - 4. What is n(14)?
-116
Let s(g) = g**3 + g**2 + 81*g + 156. Calculate s(0).
156
Let u(f) = -f**3 + 32*f**2 + 33*f + 73. Determine u(33).
73
Let s(n) = -80*n + 2396. Give s(30).
-4
Let t(x) = 4*x**2 + 60*x + 178. Give t(-10).
-22
Let f(q) = -9*q**2 + 22*q - 11. Determine f(-5).
-346
Let w(l) = -923*l + 15692. Calculate w(17).
1
Let g(d) = 5*d**3 + 29*d**2 + 45*d + 321. Give g(-6).
15
Let x(h) = h**3 - 26*h**2 - 87*h - 4. Give x(29).
-4
Let z(r) = 228*r + 2816. Calculate z(-12).
80
Let m(x) = -12*x**2 - 45*x - 8. What is m(-4)?
-20
Let j(t) = 41*t - 700. What is j(17)?
-3
Let f(w) = -26*w + 272. Give f(5).
142
Let h(r) = 2*r**3 - 19*r**2 + 25*r + 14. Calculate h(0).
14
Let k(p) = -6*p**2 + 70*p - 140. What is k(7)?
56
Let r(f) = f**3 + 25*f**2 + 84*f - 351. Determine r(-20).
-31
Let t(r) = -r**3 + 2*r**2 + 8*r + 235. Give t(0).
235
Let w(z) = -2*z**2 - 59*z + 2980. What is w(-56)?
12
Let h(t) = -280*t - 3628. Give h(-13).
12
Let h(t) = 1760*t - 6. Calculate h(0).
-6
Let i(t) = -2*t**2 + 41*t + 21952. What is i(-95)?
7
Let j(w) = 107*w - 152. What is j(1)?
-45
Let u(v) = -v**3 + 5*v**2 - 8*v + 13. Determine u(3).
7
Let g(k) = -31*k - 48. Determine g(-1).
-17
Let o(s) = -s**3 + 38*s**2 + 35*s + 179. Calculate o(39).
23
Let v(s) = 2*s**3 - 51*s**2 + 144*s - 30. Determine v(3).
-3
Let o(z) = 9*z**2 - 12*z - 15. Give o(7).
342
Let n(y) = 172*y + 9970. Calculate n(-58).
-6
Let b(n) = -n**3 + 75*n**2 - 219*n + 229. What is b(72)?
13
Let v(q) = -q**3 - 38*q**2 + 300*q + 67. What is v(7)?
-38
Let t(h) = -h**3 - 26*h**2 + 7*h + 169. What is t(-26)?
-13
Let m(f) = -f**2 + 17*f - 353. What is m(11)?
-287
Let v(s) = s**3 + 7*s**2 - 7*s - 22. Give v(-7).
27
Let n(y) = 17*y + 564. Calculate n(-32).
20
Let t(z) = -531*z + 1. What is t(0)?
1
Let i(b) = 47*b + 59. What is i(-1)?
12
Let b(s) = 530*s - 22255. What is b(42)?
5
Let m(c) = 3*c**2 - 13*c - 32. Give m(-2).
6
Let l(a) = 11*a**2 + 134*a + 18. Calculate l(-12).
-6
Let m(o) = 2*o**2 - 151*o - 375. Determine m(78).
15
Let l(y) = 998*y + 5991. Calculate l(-6).
3
Let w(k) = 10*k**2 - 1161*k - 1062. Give w(117).
-9
Let u(i) = -80*i - 1365. Calculate u(-17).
-5
Let c(u) = -3073*u + 36854. Give c(12).
-22
Let n(z) = -z**3 - z - 129. Give n(0).
-129
Let b(z) = -z**3 - 22*z**2 + 64*z - 3. What is b(3)?
-36
Let d(o) = 18*o**3 - 3*o**2 - o + 5. Give d(1).
19
Let n(o) = -o**2 - 136*o - 3789. Give n(-98).
-65
Let l(x) = -90*x**2 + 6*x + 3. Calculate l(-1).
-93
Let z(a) = -2*a**2 + 45*a - 63. Give z(18).
99
Let g(y) = -7*y**3 + 2*y**2 - 8*y - 11. Calculate g(-2).
69
Let q(a) = -19*a + 708. Calculate q(39).
-33
Let o(b) = b**2 - 2*b + 3. What is o(3)?
6
Let y(c) = -c**2 + 6631*c - 52978. Determine y(8).
6
Let l(i) = -7464*i + 141805. Determine l(19).
-11
Let t(s) = -s**2 - 99*s + 534. Determine t(-104).
14
Let d(u) = 32*u**2 - 1472*u + 6. Calculate d(46).
6
Let t(p) = -214*p - 423. Calculate t(-2).
5
Let l(z) = -76*z**2 + 207*z - 110. Give l(2).
0
Let l(z) = -47*z**2 - 377*z - 1. Give l(-8).
7
Let f(z) = -z**3 + 231*z**2 - 5*z + 1176. Calculate f(231).
21
Let b(w) = -2*w**2 - 130*w - 2022. Calculate b(-39).
6
Let x(j) = -2*j**2 + 7*j + 219. What is x(-9)?
-6
Let h(w) = 18*w - 643. Give h(34).
-31
Let g(i) = -i**2 - 68*i - 782. What is g(-16)?
50
Let b(v) = v**2 + 26*v + 36. Calculate b(-21).
-69
Let l(d) = -345*d + 3450. Give l(10).
0
Let q(j) = 465*j - 2789. What is q(6)?
1
Let m(n) = 2*n + 2. 